ve of x(c). What is g(-6)?
8
Suppose 4*r + 8 = -3*l, -2*l - 2 = -5*l + r. Let v be 6/5 + -1 - 216/(-120). Let y(c) = 45 + 3*c - v*c - 41. What is y(l)?
4
Let w(q) be the third derivative of q**5/30 - q**4/3 + 5*q**3/6 + 131*q**2 + 4. Let d = 12 - 7. Give w(d).
15
Suppose -134 = 18*v + 10. Let y(g) = -g**3 - 8*g**2 + 3*g - 7. What is y(v)?
-31
Let m(t) be the first derivative of -t**5/60 - 5*t**4/24 - t**3/3 + 12*t**2 - 29. Let w(a) be the second derivative of m(a). What is w(-5)?
-2
Let y(u) = u**2 + 5*u + 4. Suppose -3*j + 5*m = -12, 3*j - 3*m + 0*m = 6. Let s be (4 - j)/((-13)/13). Determine y(s).
4
Let h(r) = -104 + 3*r + 34 + 48. Determine h(9).
5
Let f(t) = -3*t - 23. Let b be f(-17). Let w = 27 - b. Let g(y) = 4*y**2 - y - 1. What is g(w)?
4
Let j(l) be the second derivative of l**5/20 - 5*l**4/12 - 5*l**3/6 + 5*l**2/2 + l. Suppose -3*i - 4*g + 267 = -13, i + g = 93. Let k = 98 - i. Determine j(k).
11
Suppose -1 = -4*i - 3*b, -4*i = -b + 2*b - 11. Suppose -s = -5, -5*s + 0*s = -5*m + 440. Let h(t) = 6*t + 0 - m*t**2 + 4 + 92*t**2. Determine h(i).
12
Let t(b) = -b + 13. Let g(o) = 3*o - 34. Let r(l) = -2*g(l) - 5*t(l). What is r(-4)?
7
Let n(r) = -r - 3. Suppose 3*t = -h - 3*h - 4, 4*h = 2*t - 4. Let z be (-2 + (3 - h))*12/(-8). Calculate n(z).
0
Let o(v) = -2*v + 5. Let q be o(2). Suppose 0 = 3*w - 9, 0 = -4*i - 4*w + 11 + 9. Let m(n) = -3*n**i - 33*n - 5*n**2 + 34*n. Determine m(q).
-7
Let u(d) be the first derivative of d**3/3 - d**2 - 4*d - 3. Let i = 136 - 132. Give u(i).
4
Let g(m) = 2*m**2 + 5*m - 5. Let y be 17/(136/24)*6/9. What is g(y)?
13
Let j = -219 - -214. Let a(b) = 2*b**2 + 9*b - 3. What is a(j)?
2
Let m(d) = -d**2 - 8. Let n(s) = -s**2 - s - 10. Let g(j) = -4*m(j) + 3*n(j). Give g(6).
20
Let z be (10/6)/(6/18). Let l be (-7)/14 - z/(-2). Let n(y) = 6*y**2 - y - 2. Let x(i) = 5*i**2 - i - 2. Let j(s) = 4*n(s) - 5*x(s). What is j(l)?
0
Let z(v) = v**3 - 6*v**2 + 8*v. Let a(g) = 9*g - 41. Let b be a(5). Calculate z(b).
0
Let c = -38 + 46. Let k(u) = 4*u + 2. Suppose 2*i + 0*i + 6 = 0. Let j(s) = 11*s + 6. Let l(m) = c*k(m) + i*j(m). Determine l(-4).
2
Let a(i) be the third derivative of 0*i**3 - i**2 - 1/30*i**5 - 7/120*i**6 + 0*i + 1/24*i**4 + 0. Suppose 4*s + 12 = -4*v, -3*s - 18 = -s + 5*v. Give a(s).
-8
Let t(q) = 19*q. Let d(x) = x**2 + x. Let v be d(-1). Let j be -4 + v + -1 + 4. Calculate t(j).
-19
Let i be (10/6 + -3)*-3 + -2. Let t(n) = n**3 + 0*n**2 + 131 - 2*n**i - 132. What is t(3)?
8
Let l(n) = 3*n**3 - 9*n + 5. Let i(z) = 2*z**3 - z**2 - 6*z + 3. Let o(f) = -4*i(f) + 3*l(f). Calculate o(-6).
-51
Let m(l) = -14*l**2 + 2*l - 1. Let t(q) = 42*q**2 - 7*q + 4. Let c = -4 + 6. Let z(y) = c*t(y) + 7*m(y). Calculate z(-1).
-13
Suppose -2*v + 15 = -7*v. Suppose 0 = 3*r + 2*r. Let t(c) = -4*c + r*c + 0*c**2 + c - c**2. Determine t(v).
0
Let a(l) = -7*l - l**2 + 0*l**2 - 4310 + 4313 - l**2 - 6*l. Determine a(-6).
9
Let n(p) = p**2 + 2*p - 3. Suppose -17*y + 87 = 2. Give n(y).
32
Let r(u) = 9*u - 1. Let s(v) = 1. Let q(n) = r(n) + 2*s(n). What is q(3)?
28
Let m(y) = 2*y - 6. Suppose -3*v - 8*v + 33 = 0. Suppose 0 = -v*o - 5*t - 2, -5*o + 4*o + t + 10 = 0. Determine m(o).
6
Suppose -2*l - 5 = 15*j - 20*j, -13 = -2*j + 3*l. Let n(h) = -6*h**3 - 2*h**2 - h - 1. What is n(j)?
4
Let h(c) = c**3 - 3*c**2 - c - 1. Let r be h(3). Let g(o) be the second derivative of o**3/3 + 3*o**2 - 105*o. Calculate g(r).
-2
Let z(k) = 2*k. Let v = 52 - 50. Suppose 5*g + m - 4*m = 0, -v*g = 5*m + 31. Determine z(g).
-6
Let n(c) = c - 3. Let f = 30 - 18. Let g = -222 - -226. Suppose g*d - f = d. What is n(d)?
1
Let b(f) = -2*f**2 + f + 3*f**2 + 4 - 4*f. Suppose 4*w + 70 = -2*p, -p = 2*p - 2*w + 97. Let v = 37 + p. Determine b(v).
8
Let h(r) = 9*r**3 + r**2 - r + 1. Let z(c) = c**2 + 4*c - 14. Let m(o) = -o**2 - 4*o + 13. Let l(p) = -3*m(p) - 2*z(p). Let s be l(-6). Determine h(s).
10
Let a(h) be the third derivative of -h**8/20160 - h**7/720 + h**6/180 - h**5/3 + 28*h**2. Let v(f) be the third derivative of a(f). Calculate v(-6).
10
Let g = -136 + 140. Let q(d) = d**3 - 6*d**2 + 12*d - 9. Determine q(g).
7
Let f(k) = k**2 - 13*k + 11. Let v be f(9). Let o = 28 + v. Let w(c) = -c**2 + 3*c + 1. Calculate w(o).
1
Let a(b) = -18*b - 13. Let c(x) = -4*x. Let n(k) = -a(k) + 5*c(k). What is n(3)?
7
Let j(h) = -13*h**3 - 14*h**3 - 12*h**2 + 28*h**3 - 11 + h**2 + 3*h. Give j(11).
22
Let t(m) be the second derivative of -13*m**3/6 + 21*m**2/2 - 13*m. What is t(2)?
-5
Suppose -7*t = -11*t + 24. Suppose 47 - 35 = -t*y. Let n(o) = -3*o + 4*o - 1 - 2*o. Calculate n(y).
1
Let v(l) be the third derivative of -5/12*l**4 + 1/60*l**5 + 0 + 7/6*l**3 - 19*l**2 + 0*l. Determine v(6).
-17
Suppose 0 = 3*z + 4*g - 7, 4*z + 3*g + g = 16. Let l(c) = c**2 - 13 - 18 + 34 + z*c. What is l(-6)?
-15
Suppose -2*q = 38 - 22. Let h(y) be the first derivative of y**4/4 + 8*y**3/3 + y**2/2 + 10*y + 1. Determine h(q).
2
Let b(o) = -16*o**2 + o + 1. Let s(n) = n**2 - n - 1. Let c(i) = -b(i) - 2*s(i). What is c(-1)?
14
Suppose -5 + 13 = -4*r. Let y(a) = 3*a**2 + 1 + 3*a - 2*a - 2 - 4*a**2. Determine y(r).
-7
Let i(l) be the second derivative of l**5/20 + 5*l**4/12 - 5*l**3/3 - 4*l**2 + l. Let o be i(-6). Suppose 4 - o = 2*r. Let d(y) = -3*y - 5. Determine d(r).
13
Let r(g) = 6*g**2 - 2*g - 1. Let x be r(-1). Let l be (-24)/42 - (-25)/x. Let j(i) = i**2 + i - 3. Calculate j(l).
9
Let y(m) = -2*m**3 - m**2 - 4*m - 3. Let v(o) = 6*o**3 + 2*o**2 + 8*o + 6. Let z(l) = -2*v(l) - 5*y(l). What is z(-2)?
15
Let q(x) be the first derivative of -x**4/24 + x**3/6 + 11*x**2 + 13. Let i(w) be the second derivative of q(w). Determine i(-2).
3
Let z be (3*(-520)/273)/((-2)/7). Let g(h) = -h**3 + 21*h**2 - 20*h + 2. Give g(z).
2
Let i = -8 + 2. Let u(p) = -p**3 + 3*p**2 + 9*p - 13. Let s be u(4). Let t(v) = -3 + 698*v - 696*v + s. What is t(i)?
-8
Let r(q) = 2*q**2 - 4*q - 2. Suppose 25*w + 66 = 28*w. Suppose -2 - w = -6*n. Determine r(n).
14
Let a(s) = 65*s + 69*s - 138*s + 1 - 6. Suppose -12 = 4*r - 4*q, 0*q = -5*r + 2*q - 18. Calculate a(r).
11
Let f(m) = m**3 + 8*m**2 + 10*m - 7. Let u(j) = -j**3 - 8*j**2 - 11*j + 8. Let w(g) = -6*f(g) - 5*u(g). What is w(-7)?
-12
Let h = 5 - 7. Let m be ((-9)/6)/(h/(-4)). Let z(k) = -2 + 1 - 29*k**2 + 28*k**2 + 3. Determine z(m).
-7
Let g(f) = f**2 + f + 1. Suppose 5*j = 3*j + 4*k - 44, -4*j + 3*k = 63. Let b be 0 + -1 + j + 11. Determine g(b).
3
Let n(g) = 4*g**2 - 3*g**2 - 5*g - 3*g**2 + 1. Let l be (4/(-10) + (-91)/(-65))/(1/(-4)). Give n(l).
-11
Let k(c) = 13*c**3 + 2*c**2 - 5*c + 3. Let h(g) = -11*g**3 - g**2 + 4*g - 3. Let q(l) = 6*h(l) + 5*k(l). Calculate q(3).
3
Let x = -20 - -22. Let m(p) = 10 - p + x*p**2 - p**2 - 6 + 0*p. Let t = 4 + -4. Determine m(t).
4
Let a be ((-56)/(-2))/4 - 4. Let d = 6 + -2. Let z(j) = -3*j + d*j - a*j - 5 + j. What is z(-5)?
0
Let g = -1 + 5. Suppose c - 20 = 5*c, 3*w - 3*c = 27. Let o(s) = -s + 1 + 10 - w. Give o(g).
3
Let o(i) be the third derivative of -i**5/60 - 5*i**4/24 + 17*i**2 - 2. Let t be (3/(-2))/(6/(-8)). Suppose -t*f = 2*f + 12. Determine o(f).
6
Suppose b - 2*b = -t, -4*t - 3*b = 0. Suppose -2*o - 4*h - 14 = t, 5 = -3*h - 4. Let f(v) = -16*v**3 + v + 1. Calculate f(o).
16
Let o = 66 - 65. Let n(f) = -4 - f + o - 1 + 2. Determine n(-5).
3
Suppose -l - 2 = -0*l. Let o(n) = n**3 - n + 3. Let r be o(l). Let j(x) be the second derivative of -2*x**3/3 - x**2 + 14*x. What is j(r)?
10
Let c(r) be the third derivative of r**8/6720 + r**7/360 - r**6/80 - r**5/15 - 3*r**4/8 + 9*r**2. Let g(n) be the second derivative of c(n). Give g(-8).
0
Let v(c) = 3*c**3 + 21*c**2 - 16*c - 25. Let k(n) = -4*n**3 - 23*n**2 + 14*n + 24. Let g(h) = 2*k(h) + 3*v(h). Give g(-18).
9
Suppose -11*f = -14*f - 15. Let a be (0 + 1)/(f/(-35)). Let r(m) = -m + 7. Give r(a).
0
Let s(v) = -1. Let h(b) = -b - 6. Let a(r) = -h(r) - 2*s(r). Let y(f) = f**2 + 12*f + 16. Let l be y(-10). Let q be (-2 - 38/l)*8/(-12). Give a(q).
3
Let z(k) = 0 + 2 + 65*k - 56*k. Calculate z(-2).
-16
Let s be ((-5)/2)/(25/(-60)). Let i(q) = -2 - 2*q + 2*q + q + s*q**2 - 9*q**2 + 2*q**3. Determine i(2).
4
Let i(u) be the third derivative of 0*u - 1/60*u**5 + 1/3*u**3 + 1/12*u**4 + 0 + 12*u**2. Determine i(-2).
-6
Let z(r) = -r**3 - r**2 + 6. Let p(o) = o**2 + o. Let s(q) =